or of 69812 and 155?
31
What is the greatest common factor of 275643 and 2091?
123
Calculate the greatest common factor of 873 and 8397.
9
Calculate the greatest common divisor of 366 and 447130.
122
Calculate the greatest common divisor of 27630 and 270.
90
Calculate the greatest common factor of 1356586 and 322.
322
What is the highest common factor of 1589284 and 1660?
332
Calculate the greatest common divisor of 135803 and 278.
139
What is the greatest common divisor of 925308 and 16?
4
What is the greatest common factor of 14246 and 9637?
419
Calculate the highest common divisor of 1169 and 12334.
7
What is the highest common divisor of 2400 and 2425?
25
Calculate the greatest common factor of 18 and 160029.
9
Calculate the highest common factor of 48 and 1774224.
48
Calculate the highest common factor of 12 and 18948.
12
What is the greatest common divisor of 4361 and 56?
7
What is the greatest common factor of 858645 and 45?
45
Calculate the greatest common factor of 56 and 28627816.
56
Calculate the greatest common divisor of 900 and 162700.
100
Calculate the highest common divisor of 12342 and 2754.
102
Calculate the highest common divisor of 381 and 267.
3
What is the highest common divisor of 45719 and 16403?
349
What is the greatest common factor of 2025 and 2592?
81
What is the highest common divisor of 1458351 and 54?
27
Calculate the highest common factor of 20 and 51340.
20
Calculate the greatest common factor of 14827 and 2.
1
Calculate the highest common factor of 6204 and 1269.
141
What is the greatest common factor of 785026 and 748?
374
What is the greatest common factor of 38 and 289066?
38
What is the greatest common divisor of 1787877 and 259?
259
What is the greatest common divisor of 5917 and 4947?
97
Calculate the highest common divisor of 2295 and 3452598.
459
What is the highest common divisor of 109816 and 17612?
1036
What is the highest common divisor of 2552 and 72?
8
What is the greatest common factor of 3466910 and 498?
166
Calculate the greatest common factor of 70 and 1365.
35
What is the highest common factor of 54 and 256326?
6
What is the highest common divisor of 108 and 50814?
54
Calculate the highest common divisor of 53811 and 135.
27
Calculate the greatest common factor of 62 and 15035.
31
What is the highest common divisor of 160 and 1434800?
80
Calculate the greatest common divisor of 432740 and 539.
77
What is the highest common factor of 52049 and 146?
73
What is the highest common factor of 596 and 124266?
298
Calculate the highest common divisor of 7939 and 1868.
467
Calculate the highest common factor of 42 and 166558.
14
Calculate the greatest common factor of 863 and 128.
1
Calculate the greatest common divisor of 31 and 18724217.
31
What is the highest common divisor of 1632 and 9696?
96
What is the highest common factor of 204 and 262956?
204
What is the highest common factor of 58179 and 10879?
473
What is the highest common factor of 117342 and 35775?
1431
Calculate the greatest common factor of 3182 and 12802.
74
What is the greatest common divisor of 56 and 36428?
28
Calculate the greatest common factor of 85 and 22321.
17
What is the greatest common divisor of 1334 and 40342?
46
Calculate the highest common divisor of 225274 and 14.
14
What is the highest common factor of 4454 and 442?
34
Calculate the highest common factor of 39 and 97006.
13
Calculate the highest common factor of 108773 and 287.
287
Calculate the greatest common factor of 1744 and 22236.
436
Calculate the highest common factor of 447434 and 26.
26
Calculate the highest common divisor of 173 and 727292.
173
What is the greatest common divisor of 238788 and 8174?
134
Calculate the greatest common divisor of 40304 and 7480.
88
Calculate the highest common divisor of 308 and 185867.
11
Calculate the highest common divisor of 15 and 86190.
15
Calculate the highest common divisor of 242498 and 24679.
1073
Calculate the greatest common factor of 618 and 447741.
309
What is the highest common factor of 445 and 4665?
5
What is the highest common factor of 26 and 7274?
2
Calculate the highest common divisor of 1285658 and 22.
22
Calculate the greatest common divisor of 4552761 and 19.
19
What is the highest common divisor of 25 and 472?
1
What is the highest common divisor of 6489 and 2394?
63
Calculate the greatest common divisor of 920 and 34155.
115
Calculate the greatest common divisor of 17 and 7361.
17
What is the greatest common factor of 438867 and 341?
341
Calculate the highest common factor of 14883 and 7513.
11
What is the greatest common divisor of 165903 and 85?
17
What is the highest common divisor of 4008206 and 232?
58
Calculate the greatest common divisor of 12780 and 923.
71
Calculate the greatest common divisor of 1408356 and 3132.
1044
What is the highest common factor of 73 and 44457?
73
What is the highest common factor of 5940 and 33561?
297
What is the greatest common factor of 7567 and 2898?
161
Calculate the highest common divisor of 1414826 and 392.
98
What is the highest common divisor of 198 and 46002?
66
What is the greatest common divisor of 42 and 1279068?
42
What is the highest common divisor of 8 and 614?
2
Calculate the highest common divisor of 13064 and 17466.
142
What is the greatest common factor of 13231 and 1048?
131
Calculate the greatest common factor of 1134 and 6174.
126
Calculate the highest common factor of 119 and 58089.
17
Calculate the highest common factor of 2732015 and 220.
55
What is the greatest common divisor of 928720 and 26?
26
What is the greatest common divisor of 21480 and 240?
120
What is the highest common factor of 55860 and 1368?
228
What is the highest common factor of 420 and 102396?
84
Calculate the highest common factor of 8925 and 13209.
357
What is the greatest common factor of 86832 and 744?
24
Calculate the greatest common divisor of 4328139 and 159.
159
Calculate the greatest common divisor of 44 and 5753.
11
What is the greatest common divisor of 9 and 41439?
3
Calculate the highest common factor of 85200 and 3124.
284
Calculate the greatest common factor of 342 and 41268.
114
What is the highest common factor of 93815 and 3190?
145
Calculate the highest common factor of 159016 and 1496.
88
What is the highest common divisor of 20185 and 367?
367
What is the highest common factor of 339670 and 10?
10
Calculate the highest common factor of 800 and 13660.
20
What is the greatest common divisor of 8 and 20456?
8
Calculate the highest common divisor of 42345 and 195.
15
What is the greatest common factor of 5363 and 403?
31
What is the highest common factor of 85 and 28339?
17
Calculate the greatest common factor of 1319574 and 51.
51
Calculate the highest common factor of 8643 and 10251.
201
What is the greatest common factor of 2625 and 2990925?
525
What is the highest common divisor of 49 and 49?
49
What is the highest common factor of 123657 and 282?
141
Calculate the highest common factor of 1920 and 255.
15
What is the highest common divisor of 163395 and 45?
45
What is the greatest common factor of 280 and 484015?
35
What is the greatest common divisor of 4939042 and 94?
94
What is the highest common divisor of 515232 and 9?
9
Calculate the highest common divisor of 216691 and 5144.
643
What is the highest common divisor of 1295164 and 156?
52
What is the greatest common factor of 32186 and 14?
14
What is the greatest common divisor of 58 and 257810?
58
What is the greatest common factor of 85 and 13465?
5
Calculate the highest common factor of 16 and 192656.
16
Calculate the greatest common factor of 516608 and 512.
512
What is the highest common divisor of 100527 and 63?
21
What is the highest common factor of 70794 and 17917?
437
Calculate the greatest common factor of 37180 and 2893.
11
Calculate the greatest common factor of 26 and 42913.
13
Calculate the greatest common divisor of 45288 and 9333.
153
Calculate the greatest common factor of 64158 and 30.
6
What is the highest common divisor of 5880 and 525672?
1176
What is the highest common divisor of 17638320 and 84?
84
Calculate the highest common factor of 19 and 133.
19
Calculate the highest common divisor of 232 and 161530.
58
Calculate the highest common divisor of 7275 and 3783.
29